tive of 3*h**4/2 + h**3/3 - 3*h**2. Let o be m(3). Is ((-3)/(-3))/(2/o) a prime number?
False
Suppose 5*m - 2500 - 1445 = 0. Is m composite?
True
Let y(x) be the second derivative of 1/12*x**4 + 7/6*x**3 + 5*x**2 + 0 + x. Is y(-7) composite?
True
Let q = 7 + -3. Let k = 2 - q. Is (1 - (-110 + k))*1 prime?
True
Suppose -n = -87 + 11. Suppose k - 7 = -2. Suppose -k*o = -o - n. Is o a prime number?
True
Suppose 0*d - 15 = -3*d. Suppose -2*f - 48 + d = -5*p, -37 = -4*p - f. Is p prime?
False
Let z be 1/(1 + (-4)/6). Suppose z*p - 3*q = -0*q + 237, 4*q = p - 85. Is p a prime number?
False
Suppose 0 = -7*j + 3*j + 1172. Is j prime?
True
Let j be (0 - -1) + 3 + -4. Let b be (-3 - -2)/(-1 + j). Is b/2 + 17/2 composite?
True
Let p be 2/4 - 5/(-2). Suppose 0*n = p*n - 201. Is n a composite number?
False
Let v = -8 - -11. Let q be 12/(-2*v/6). Is (-6)/(-4)*(-1160)/q composite?
True
Let h(v) = -60*v + 95. Let n(k) = -5*k + 8. Let z be (-4)/((-4)/(-33)) - 2. Let a(t) = z*n(t) + 3*h(t). Is a(-4) a composite number?
True
Let k = -7 + 11. Suppose -5*j + 45 = 4*y, 4*y - 5*j + k = -1. Suppose -69 = -2*m + y. Is m composite?
False
Suppose 2*v - 2*x - 3019 = 447, -5*v - 5*x = -8665. Is v prime?
True
Suppose -d = 4*u - 28, -3*d = d. Let t(h) = 5 - 4 + 2*h - 3 + u*h**2. Is t(-5) prime?
True
Suppose -7*x + 3*x = 0. Suppose x = t - 2*t + 71. Is t a prime number?
True
Let r(q) = q**3 - q**2 + 2*q - 1. Is r(2) prime?
True
Suppose 11*y = -y + 3540. Is y a prime number?
False
Let q(p) = -2*p**3 - 3*p**2 + 4*p + 4. Let m be q(-3). Let t = m + 0. Is t composite?
False
Let f be ((-5)/(-15))/((-2)/(-18)). Let w(o) = 3 + 2*o**2 - 4*o**2 + 3*o + f*o**2. Is w(-6) composite?
True
Let o be ((-1)/2)/(1/4). Let d be o/(-2)*390/6. Let b = d + 0. Is b a prime number?
False
Suppose 4*u + 5*p - 8639 = -0*p, -2*u - 3*p + 4319 = 0. Is u a prime number?
True
Let p = 0 + 0. Suppose 4*z + w - 2 = 93, -3*z + 2*w + 63 = p. Is z composite?
False
Suppose 2*f + 2*f - 4*o = -4, f = -5*o - 13. Let y(w) = -w**2 - 3*w + 3. Let a be y(f). Suppose -4*c = -0*c, 0 = -a*i - 3*c + 99. Is i prime?
False
Let j = 299 - 172. Is j a prime number?
True
Is (-1971)/(-6) + 5/10 prime?
False
Let i(y) = 34*y - 1. Let o be -2 + 0 - (-1 + -3). Is i(o) a prime number?
True
Suppose -2*h - 2 = -3*w, -3*w + h - 2 = 3*h. Let v(u) = u**3 - u**2 + u + 35. Is v(w) a composite number?
True
Suppose -108 = -s + 125. Is s composite?
False
Let p(j) = -134*j + 7. Is p(-3) composite?
False
Let v = 92 - -215. Is v a composite number?
False
Suppose 4214 + 2950 = -3*b. Is (-3)/(3*4/b) prime?
False
Let o(h) be the second derivative of -2*h**3/3 - 19*h**2/2 - 3*h. Is o(-8) composite?
False
Suppose 4*v - 41323 = -5*q, -q + 2*v = -0*v - 8273. Is q a composite number?
True
Let s = -4 - -7. Let u = s + 1. Suppose -u*x = z - 88, 4*z = -3*x + 9*z + 43. Is x a prime number?
False
Is -1*(-2*74)/4 a prime number?
True
Let t = 523 + 1201. Suppose j + k = 5*k + 354, 5*j + 3*k = t. Is j a composite number?
True
Is (586/4 - (-8 - -11))*2 composite?
True
Let a(z) be the third derivative of z**6/36 - 11*z**5/120 + z**4/24 - z**2. Let n(p) be the second derivative of a(p). Is n(8) composite?
False
Is 1691*3/3 + 2 prime?
True
Suppose -4*q = -13 - 7. Let l be ((-54)/q)/((-12)/(-40)). Let o = l - -57. Is o composite?
True
Suppose 4*q - 341 = 4*w + 403, -2*w = 4*q - 774. Is q a composite number?
False
Let f = 1221 + 928. Is f composite?
True
Suppose -24 + 4 = -2*g. Suppose 0 = q - 4*s - g, -2*q - s + 1 = -1. Suppose q*i - 278 = 4*w, -5*i - 3*w + 902 = 142. Is i prime?
True
Let o(z) = 12*z - 7. Is o(8) a prime number?
True
Let v(s) = -27*s - 1 + 1 + 4. Is v(-3) prime?
False
Suppose -5*p - 4*f + 35 = 0, -2*p - 3 = -2*f + 1. Suppose -p*a + 10 + 83 = 0. Is a prime?
True
Suppose u = 3*u + 2. Let i be (-2 - 6)*u + -1. Let t = 32 - i. Is t composite?
True
Suppose m + 14 = -3*f + 48, 4*m - 91 = -3*f. Is m a composite number?
False
Let z be 8/(-12) - (-754)/6. Let w = 111 + z. Suppose u - 5*a + 11 - 46 = 0, 4*u - w = -4*a. Is u prime?
False
Suppose 0 = 5*m - 27 - 68. Is m prime?
True
Let o be (-1)/(-1) - -1*371. Let j = o + -241. Is j prime?
True
Suppose -17*t = -18*t + 1511. Is t a prime number?
True
Suppose -6*x - 1222 = -8*x. Is x composite?
True
Let w(x) = 6*x**3 + 2*x**2 - 4*x + 2. Let y be w(4). Let o = -191 + y. Is o prime?
True
Let z(w) be the third derivative of 3*w**5/5 + w**4/6 - w**3/2 - w**2. Is z(2) composite?
False
Let d = 5 - -7. Suppose 1055 = d*c - 7*c. Is c prime?
True
Let b be 12/(-4)*4/(-6). Suppose 95 = 3*z + b*z. Is z a composite number?
False
Let f be (1/3)/(8/72). Suppose -f*a = 9, 0*a - 5*a = -5*p + 460. Is p prime?
True
Suppose 0 = -4*f + 17 + 7. Suppose 0 = -f*j + 4*j + 382. Is j a prime number?
True
Suppose 15 = 5*v - 10*v. Let u = 1 + v. Is u/5 + (-428)/(-20) a composite number?
True
Is (-1948)/(-5) - 6/10 a composite number?
False
Let w = 7 - 9. Is 87*((1 - w) + -2) prime?
False
Let o = -193 - -462. Suppose 5*u + o = 2*j, 0*u - 632 = -5*j - u. Is j prime?
True
Let c be 1 - ((-3)/(-3) + -489). Suppose -r - c = -2*r. Is r composite?
True
Let h = 361 - 181. Suppose 2635 + h = 5*o. Is o composite?
False
Suppose -3*o = -1 + 7, o + 1463 = 3*r. Is r composite?
False
Suppose 8*x - 4*x - 3148 = 0. Is x prime?
True
Let u(w) be the third derivative of -5*w**4/12 - w**3/6 + w**2. Suppose 0 = -5*c + 1 - 11. Is u(c) a composite number?
False
Let y = 5 - -10. Suppose -252 + y = -3*q. Is q composite?
False
Suppose 0*s - 2 = -2*s + 2*d, 3 = s - 3*d. Suppose s = -x - 2*x + 465. Is x a composite number?
True
Let k = 16 + 3. Let f be 76/3*(-3)/(-2). Let v = f + k. Is v a composite number?
True
Let o(n) = -n + n**3 + 6*n**2 - 6 + 2*n + 2*n. Let t be o(-5). Suppose -10 = t*j - 374. Is j a prime number?
False
Let a(i) be the third derivative of -i**5/60 - 5*i**4/12 + i**3/3 - i**2. Suppose h + 5*k = 18, 5*h + 36 = 4*k - 19. Is a(h) composite?
False
Let g be (-15)/2*(-590)/15. Let r = 476 - g. Is r composite?
False
Suppose 0 = 2*m - 38 - 330. Suppose -2*g - 2*u = -m, -4*u + 0*u = g - 107. Is g composite?
True
Suppose -13*f = -2*f - 9669. Is f a prime number?
False
Let t(r) = -r**3 + 5. Let v be t(0). Suppose 0 = 5*y + g - 15, g + 22 = y + v*g. Suppose -2*l + 15 = 5*h, -19 - 5 = -y*l - 2*h. Is l a prime number?
False
Let x(n) = -34*n - 35. Is x(-7) a prime number?
False
Suppose 0 = -3*j + 3*z + 15, 0 = 3*z - 0 + 15. Suppose 5*n - 4*n - 143 = j. Is n a composite number?
True
Suppose 4*p - 2*p - 3*n = 640, 3*p = -3*n + 945. Let s be p/3 - (-3)/9. Suppose -s = -g - g. Is g composite?
False
Let z(n) = -13*n + 28. Is z(-10) a prime number?
False
Suppose -3*k + 1275 = 348. Suppose -3*a = -5*s + k - 124, -5*s = -a - 185. Is s a prime number?
True
Let f = -4 - -4. Suppose 0 = z - 3*m - 0*m - 88, 5*z + m - 456 = f. Is z a composite number?
True
Let r = -38 - -53. Is (-398)/(-6) - (-10)/r composite?
False
Let n = 2266 - 1389. Is n prime?
True
Suppose -289 = -p + 18. Is p a composite number?
False
Suppose -2*a + 5*f = -5*a - 7, -5*f = -5. Let l(o) = 12*o**2 - 2*o - 9. Is l(a) a prime number?
True
Suppose 5*y + 430 - 2085 = -p, 5*y - 2*p = 1655. Is y composite?
False
Let s = 1513 - 900. Is s composite?
False
Suppose -3*w = -2*p - 14, 3*w = 2*w - 2*p - 6. Suppose w*m - 300 = 116. Let u = m - 143. Is u composite?
True
Let a(z) = 2 - 2*z - 6*z**3 - z - 2*z**2 - 4. Let l be a(-2). Suppose 2*w - l = -0*w. Is w prime?
False
Let m = 15 + -24. Let b(l) = l**3 + 9*l**2 - 3*l - 5. Is b(m) a prime number?
False
Let d(j) = -16*j - 10. Let l be d(12). Let u = l + 405. Is u a prime number?
False
Let o(c) = 16*c**2 + 2*c + 15. Is o(-7) composite?
True
Let q = 14 + 6. Is 2/(-8) + 525/q prime?
False
Let u(n) = n + 10. Let w(a) be the first derivative of -a**2/2 - 5*a + 1. Let r(g) = 2*u(g) + 5*w(g). Is r(-8) a composite number?
False
Let w = -1 - -1. Suppose 3*l - 194 + 17 = w. Is l a prime number?
True
Suppose 4*a - 11 + 3 = 0. Let w(g) = 2*g - g**2 + 6 - 11 - g**3 - g**a. Is w(-4) a composite number?
False
Let p be (0 - 2)/(-1) - 0. Let b(z) = 78*z**2 - 3*z + 1. Is b(p) a composite number?
False
Let c(i) be the first derivative of i**4/12 - 4*i**3/3 - 11*i**2/2 - 3*i + 4. Let a(v) be the first derivative of c(v). Is a(12) a composite number?
False
Let y be (2 - 0)/((-6)/(-69)). Sup